{"id":256,"date":"2014-07-07T13:29:51","date_gmt":"2014-07-07T13:29:51","guid":{"rendered":"http:\/\/www.jancarek.cz\/?page_id=256"},"modified":"2018-11-06T12:42:33","modified_gmt":"2018-11-06T12:42:33","slug":"filmy","status":"publish","type":"page","link":"https:\/\/www.jancarek.cz\/?page_id=256","title":{"rendered":"Dal\u0161\u00ed filmy a dokumenty"},"content":{"rendered":"\n<p>Podpora porjektu Tady\u2661Havel<\/p>\n\n\n\n<figure class=\"wp-block-video\"><video height=\"784\" style=\"aspect-ratio: 1280 \/ 784;\" width=\"1280\" controls src=\"https:\/\/www.jancarek.cz\/wp-content\/uploads\/2014\/09\/support1.mp4\"><\/video><\/figure>\n\n\n\n<p>Z chystan\u00e9ho portr\u00e9tu profesora Pavla Pro\u0161ka, zakladatele \u010cesk\u00e9 v\u011bdeck\u00e9 stanice Johanna Gregora Mendela v Antarktid\u011b<\/p>\n\n\n\n<figure class=\"wp-block-embed-youtube wp-block-embed is-type-video is-provider-youtube wp-embed-aspect-16-9 wp-has-aspect-ratio\"><div class=\"wp-block-embed__wrapper\">\n<iframe loading=\"lazy\" width=\"920\" height=\"518\" src=\"https:\/\/www.youtube.com\/embed\/GBUIvq0Etr4?feature=oembed\" frameborder=\"0\" allow=\"accelerometer; autoplay; encrypted-media; gyroscope; picture-in-picture\" allowfullscreen><\/iframe>\n<\/div><\/figure>\n\n\n\n<p>Dokument \u010cesk\u00e9 televize<\/p>\n\n\n\n<figure class=\"wp-block-embed-youtube wp-block-embed is-type-video is-provider-youtube wp-embed-aspect-4-3 wp-has-aspect-ratio\"><div class=\"wp-block-embed__wrapper\">\n<iframe loading=\"lazy\" width=\"920\" height=\"690\" src=\"https:\/\/www.youtube.com\/embed\/eucqIQ6NbZo?feature=oembed\" frameborder=\"0\" allow=\"accelerometer; autoplay; encrypted-media; gyroscope; picture-in-picture\" allowfullscreen><\/iframe>\n<\/div><\/figure>\n","protected":false},"excerpt":{"rendered":"<p>Podpora porjektu Tady\u2661Havel Z chystan\u00e9ho portr\u00e9tu profesora Pavla Pro\u0161ka, zakladatele \u010cesk\u00e9 v\u011bdeck\u00e9 stanice Johanna Gregora Mendela v Antarktid\u011b Dokument \u010cesk\u00e9 televize<\/p>\n","protected":false},"author":2,"featured_media":0,"parent":0,"menu_order":0,"comment_status":"closed","ping_status":"open","template":"templates\/no-sidebar.php","meta":{"footnotes":""},"class_list":["post-256","page","type-page","status-publish","hentry"],"_links":{"self":[{"href":"https:\/\/www.jancarek.cz\/index.php?rest_route=\/wp\/v2\/pages\/256","targetHints":{"allow":["GET"]}}],"collection":[{"href":"https:\/\/www.jancarek.cz\/index.php?rest_route=\/wp\/v2\/pages"}],"about":[{"href":"https:\/\/www.jancarek.cz\/index.php?rest_route=\/wp\/v2\/types\/page"}],"author":[{"embeddable":true,"href":"https:\/\/www.jancarek.cz\/index.php?rest_route=\/wp\/v2\/users\/2"}],"replies":[{"embeddable":true,"href":"https:\/\/www.jancarek.cz\/index.php?rest_route=%2Fwp%2Fv2%2Fcomments&post=256"}],"version-history":[{"count":23,"href":"https:\/\/www.jancarek.cz\/index.php?rest_route=\/wp\/v2\/pages\/256\/revisions"}],"predecessor-version":[{"id":428,"href":"https:\/\/www.jancarek.cz\/index.php?rest_route=\/wp\/v2\/pages\/256\/revisions\/428"}],"wp:attachment":[{"href":"https:\/\/www.jancarek.cz\/index.php?rest_route=%2Fwp%2Fv2%2Fmedia&parent=256"}],"curies":[{"name":"wp","href":"https:\/\/api.w.org\/{rel}","templated":true}]}}